{"id":1366,"date":"2020-03-18T16:01:16","date_gmt":"2020-03-18T19:01:16","guid":{"rendered":"https:\/\/iesgualeguay-ers.infd.edu.ar\/sitio\/?page_id=1366"},"modified":"2020-10-15T14:34:49","modified_gmt":"2020-10-15T17:34:49","slug":"actividades-2020","status":"publish","type":"page","link":"https:\/\/iesgualeguay-ers.infd.edu.ar\/sitio\/actividades-2020\/","title":{"rendered":"Actividades 2020"},"content":{"rendered":"<h1 style=\"text-align: center;\">Promoci\u00f3n de nuestros profesorados<\/h1>\n<h3 style=\"text-align: center;\">\n<span style=\"color: #ff3333;\">Profesorado de Educaci\u00f3n Secundaria en Geograf\u00eda<\/span><\/h3>\n<p><iframe loading=\"lazy\" title=\"Promoci\u00f3n Profesorado de Educaci\u00f3n Secundaria en Geograf\u00eda\" width=\"1200\" height=\"675\" src=\"https:\/\/www.youtube.com\/embed\/jfQ3ayIdHAc?feature=oembed\" frameborder=\"0\" allow=\"accelerometer; autoplay; clipboard-write; encrypted-media; gyroscope; picture-in-picture\" allowfullscreen><\/iframe><\/p>\n<p style=\"text-align: center;\">Producci\u00f3n: Bernardini M\u00f3nica. Edici\u00f3n de sonido: Bellini Oscar<\/p>\n<h3 style=\"text-align: center;\">\n<span style=\"color: #ff3333;\">Profesorado de Educaci\u00f3n Secundaria en Historia<\/span><\/h3>\n<p><iframe loading=\"lazy\" title=\"Promoci\u00f3n Profesorado de Educaci\u00f3n Secundaria en Historia\" width=\"1200\" height=\"675\" src=\"https:\/\/www.youtube.com\/embed\/Blpe9raYcv4?feature=oembed\" frameborder=\"0\" allow=\"accelerometer; autoplay; clipboard-write; encrypted-media; gyroscope; picture-in-picture\" allowfullscreen><\/iframe><\/p>\n<p style=\"text-align: center;\">Producci\u00f3n: Vega Sergio. Edici\u00f3n de sonido: Bellini Oscar<\/p>\n<h3 style=\"text-align: center;\">\n<span style=\"color: #ff3333;\">Profesorado de Educaci\u00f3n Secundaria en F\u00edsica<\/span><\/h3>\n<p><iframe loading=\"lazy\" title=\"Promoci\u00f3n Profesorado de Educaci\u00f3n Secundaria en F\u00edsica\" width=\"1200\" height=\"675\" src=\"https:\/\/www.youtube.com\/embed\/7AFTSgIwKvA?feature=oembed\" frameborder=\"0\" allow=\"accelerometer; autoplay; clipboard-write; encrypted-media; gyroscope; picture-in-picture\" allowfullscreen><\/iframe><\/p>\n<p style=\"text-align: center;\">Producci\u00f3n: Luiselli Noelia. Edici\u00f3n de sonido: Bellini Oscar<\/p>\n<p><img decoding=\"async\" loading=\"lazy\" class=\"size-full wp-image-1379 aligncenter\" src=\"https:\/\/iesgualeguay-ers.infd.edu.ar\/sitio\/wp-content\/uploads\/2020\/05\/d90f555240cc32f5a4595aa6e46337c6.png\" alt=\"\" width=\"640\" height=\"48\" \/><\/p>\n<h2 style=\"text-align: center;\">Charla Virtual \u00bb El desaf\u00edo de pensar y planificar las pr\u00e1cticas docentes en tiempos de pandemia\u00bb<\/h2>\n<h3 style=\"text-align: center;\">Brindada por la Profesora Gervasoni Carolina y organizada por el Centro de Estudiantes \u00abJuan B. Ambrosetti\u00bb<\/h3>\n<h2 style=\"text-align: center;\"><img decoding=\"async\" loading=\"lazy\" class=\"alignnone size-full wp-image-1398\" src=\"https:\/\/iesgualeguay-ers.infd.edu.ar\/sitio\/wp-content\/uploads\/2020\/10\/106640206_4124970880909235_5511486260125667744_o.jpg\" alt=\"\" width=\"526\" height=\"526\" srcset=\"https:\/\/iesgualeguay-ers.infd.edu.ar\/sitio\/wp-content\/uploads\/2020\/10\/106640206_4124970880909235_5511486260125667744_o.jpg 526w, https:\/\/iesgualeguay-ers.infd.edu.ar\/sitio\/wp-content\/uploads\/2020\/10\/106640206_4124970880909235_5511486260125667744_o-500x500.jpg 500w\" sizes=\"(max-width: 526px) 100vw, 526px\" \/><\/h2>\n<h2 style=\"text-align: center;\">Si te lo perdiste o lo quer\u00e9s volver a ver:<\/h2>\n<p style=\"text-align: center;\"><a href=\"https:\/\/www.instagram.com\/tv\/CCZZ1gwhquA\/?utm_source=ig_web_copy_link\"><img decoding=\"async\" loading=\"lazy\" class=\"alignnone wp-image-1377\" src=\"https:\/\/iesgualeguay-ers.infd.edu.ar\/sitio\/wp-content\/uploads\/2020\/05\/Instagram-Banner-Logo-de-Instagram-vector-logo-instagram-sin-fondo-1000x508.gif\" alt=\"\" width=\"271\" height=\"138\" srcset=\"https:\/\/iesgualeguay-ers.infd.edu.ar\/sitio\/wp-content\/uploads\/2020\/05\/Instagram-Banner-Logo-de-Instagram-vector-logo-instagram-sin-fondo-1000x508.gif 1000w, https:\/\/iesgualeguay-ers.infd.edu.ar\/sitio\/wp-content\/uploads\/2020\/05\/Instagram-Banner-Logo-de-Instagram-vector-logo-instagram-sin-fondo-768x390.gif 768w\" sizes=\"(max-width: 271px) 100vw, 271px\" \/><\/a><\/p>\n<h2 style=\"text-align: center;\"><img decoding=\"async\" loading=\"lazy\" class=\"alignnone size-full wp-image-1379\" src=\"https:\/\/iesgualeguay-ers.infd.edu.ar\/sitio\/wp-content\/uploads\/2020\/05\/d90f555240cc32f5a4595aa6e46337c6.png\" alt=\"\" width=\"640\" height=\"48\" \/><\/h2>\n<h2 style=\"text-align: center;\">Conmemoramos el 20 de Junio!!!<\/h2>\n<h2 style=\"text-align: center;\">Producci\u00f3n Gustavo Cichero!!!<\/h2>\n<p><iframe loading=\"lazy\" title=\"20 de Junio Producci\u00f3n Gustavo Cichero\" width=\"1200\" height=\"900\" src=\"https:\/\/www.youtube.com\/embed\/l_igjCeB1MQ?feature=oembed\" frameborder=\"0\" allow=\"accelerometer; autoplay; clipboard-write; encrypted-media; gyroscope; picture-in-picture\" allowfullscreen><\/iframe><\/p>\n<p>&nbsp;<\/p>\n<h3><img decoding=\"async\" loading=\"lazy\" class=\"size-full wp-image-1379 aligncenter\" src=\"https:\/\/iesgualeguay-ers.infd.edu.ar\/sitio\/wp-content\/uploads\/2020\/05\/d90f555240cc32f5a4595aa6e46337c6.png\" alt=\"\" width=\"640\" height=\"48\" \/><\/h3>\n<h3 style=\"text-align: center;\">Propuesta desde la c\u00e1tedra UDI de 4to a\u00f1o del Profesorado de Educaci\u00f3n Secundaria en Matem\u00e1tica con el objetivo de realizar un acercamiento a las escuelas secundarias de nuestra localidad y que las mismas puedan compartir sus producciones.<\/h3>\n<p><iframe loading=\"lazy\" title=\"IES Leloir UDI IV Matem\u00e1tica HD\" width=\"1200\" height=\"675\" src=\"https:\/\/www.youtube.com\/embed\/34w53rnpWQw?feature=oembed\" frameborder=\"0\" allow=\"accelerometer; autoplay; clipboard-write; encrypted-media; gyroscope; picture-in-picture\" allowfullscreen><\/iframe><\/p>\n<h3><img decoding=\"async\" loading=\"lazy\" class=\"size-full wp-image-1379 aligncenter\" src=\"https:\/\/iesgualeguay-ers.infd.edu.ar\/sitio\/wp-content\/uploads\/2020\/05\/d90f555240cc32f5a4595aa6e46337c6.png\" alt=\"\" width=\"640\" height=\"48\" \/><\/h3>\n<h3 class=\"MsoNormal\" style=\"margin: 0cm 0cm 0pt; text-align: center;\">Nuestra primera experiencia virtual, recordando el 25 de Mayo, organizado por nuestro Centro de Estudiantes.<\/h3>\n<h2 style=\"text-align: center;\">\u00a0<img decoding=\"async\" loading=\"lazy\" class=\"wp-image-1376 aligncenter\" src=\"https:\/\/iesgualeguay-ers.infd.edu.ar\/sitio\/wp-content\/uploads\/2020\/05\/WhatsApp-Image-2020-05-26-at-12.31.07-1000x1000.jpeg\" alt=\"\" width=\"356\" height=\"356\" srcset=\"https:\/\/iesgualeguay-ers.infd.edu.ar\/sitio\/wp-content\/uploads\/2020\/05\/WhatsApp-Image-2020-05-26-at-12.31.07-1000x1000.jpeg 1000w, https:\/\/iesgualeguay-ers.infd.edu.ar\/sitio\/wp-content\/uploads\/2020\/05\/WhatsApp-Image-2020-05-26-at-12.31.07-500x500.jpeg 500w, https:\/\/iesgualeguay-ers.infd.edu.ar\/sitio\/wp-content\/uploads\/2020\/05\/WhatsApp-Image-2020-05-26-at-12.31.07-768x768.jpeg 768w, https:\/\/iesgualeguay-ers.infd.edu.ar\/sitio\/wp-content\/uploads\/2020\/05\/WhatsApp-Image-2020-05-26-at-12.31.07.jpeg 1080w\" sizes=\"(max-width: 356px) 100vw, 356px\" \/><\/h2>\n<h2 style=\"text-align: center;\">Si te lo perdiste o lo quer\u00e9s volver a ver:<\/h2>\n<p style=\"text-align: center;\"><a href=\"https:\/\/www.instagram.com\/tv\/CAoH0rYM_3Y\/?igshid=o2hw76mgbulz\"><img decoding=\"async\" loading=\"lazy\" class=\"alignnone wp-image-1377\" src=\"https:\/\/iesgualeguay-ers.infd.edu.ar\/sitio\/wp-content\/uploads\/2020\/05\/Instagram-Banner-Logo-de-Instagram-vector-logo-instagram-sin-fondo-1000x508.gif\" alt=\"\" width=\"333\" height=\"169\" srcset=\"https:\/\/iesgualeguay-ers.infd.edu.ar\/sitio\/wp-content\/uploads\/2020\/05\/Instagram-Banner-Logo-de-Instagram-vector-logo-instagram-sin-fondo-1000x508.gif 1000w, https:\/\/iesgualeguay-ers.infd.edu.ar\/sitio\/wp-content\/uploads\/2020\/05\/Instagram-Banner-Logo-de-Instagram-vector-logo-instagram-sin-fondo-768x390.gif 768w\" sizes=\"(max-width: 333px) 100vw, 333px\" \/><\/a><\/p>\n<p>&nbsp;<\/p>\n<p><img decoding=\"async\" loading=\"lazy\" class=\"size-full wp-image-1379 aligncenter\" src=\"https:\/\/iesgualeguay-ers.infd.edu.ar\/sitio\/wp-content\/uploads\/2020\/05\/d90f555240cc32f5a4595aa6e46337c6.png\" alt=\"\" width=\"640\" height=\"48\" \/><\/p>\n<p><img decoding=\"async\" loading=\"lazy\" class=\"alignnone wp-image-1387 aligncenter\" src=\"https:\/\/iesgualeguay-ers.infd.edu.ar\/sitio\/wp-content\/uploads\/2020\/05\/pataforma-virtual-0-1000x750.jpg\" alt=\"\" width=\"485\" height=\"364\" srcset=\"https:\/\/iesgualeguay-ers.infd.edu.ar\/sitio\/wp-content\/uploads\/2020\/05\/pataforma-virtual-0-1000x750.jpg 1000w, https:\/\/iesgualeguay-ers.infd.edu.ar\/sitio\/wp-content\/uploads\/2020\/05\/pataforma-virtual-0-768x576.jpg 768w, https:\/\/iesgualeguay-ers.infd.edu.ar\/sitio\/wp-content\/uploads\/2020\/05\/pataforma-virtual-0-1900x1425.jpg 1900w\" sizes=\"(max-width: 485px) 100vw, 485px\" \/><\/p>\n<p><img decoding=\"async\" loading=\"lazy\" class=\"alignnone wp-image-1386 aligncenter\" src=\"https:\/\/iesgualeguay-ers.infd.edu.ar\/sitio\/wp-content\/uploads\/2020\/05\/pataforma-virtual-1-1000x750.jpg\" alt=\"\" width=\"486\" height=\"365\" srcset=\"https:\/\/iesgualeguay-ers.infd.edu.ar\/sitio\/wp-content\/uploads\/2020\/05\/pataforma-virtual-1-1000x750.jpg 1000w, https:\/\/iesgualeguay-ers.infd.edu.ar\/sitio\/wp-content\/uploads\/2020\/05\/pataforma-virtual-1-768x576.jpg 768w, https:\/\/iesgualeguay-ers.infd.edu.ar\/sitio\/wp-content\/uploads\/2020\/05\/pataforma-virtual-1-1900x1425.jpg 1900w\" sizes=\"(max-width: 486px) 100vw, 486px\" \/><img decoding=\"async\" loading=\"lazy\" class=\"alignnone wp-image-1385 aligncenter\" src=\"https:\/\/iesgualeguay-ers.infd.edu.ar\/sitio\/wp-content\/uploads\/2020\/05\/pataforma-virtual-2-1000x750.jpg\" alt=\"\" width=\"485\" height=\"363\" srcset=\"https:\/\/iesgualeguay-ers.infd.edu.ar\/sitio\/wp-content\/uploads\/2020\/05\/pataforma-virtual-2-1000x750.jpg 1000w, https:\/\/iesgualeguay-ers.infd.edu.ar\/sitio\/wp-content\/uploads\/2020\/05\/pataforma-virtual-2-768x576.jpg 768w, https:\/\/iesgualeguay-ers.infd.edu.ar\/sitio\/wp-content\/uploads\/2020\/05\/pataforma-virtual-2-1900x1425.jpg 1900w\" sizes=\"(max-width: 485px) 100vw, 485px\" \/><img decoding=\"async\" loading=\"lazy\" class=\"alignnone wp-image-1384 aligncenter\" src=\"https:\/\/iesgualeguay-ers.infd.edu.ar\/sitio\/wp-content\/uploads\/2020\/05\/pataforma-virtual-3-1000x750.jpg\" alt=\"\" width=\"487\" height=\"366\" srcset=\"https:\/\/iesgualeguay-ers.infd.edu.ar\/sitio\/wp-content\/uploads\/2020\/05\/pataforma-virtual-3-1000x750.jpg 1000w, https:\/\/iesgualeguay-ers.infd.edu.ar\/sitio\/wp-content\/uploads\/2020\/05\/pataforma-virtual-3-768x576.jpg 768w, https:\/\/iesgualeguay-ers.infd.edu.ar\/sitio\/wp-content\/uploads\/2020\/05\/pataforma-virtual-3-1900x1425.jpg 1900w\" sizes=\"(max-width: 487px) 100vw, 487px\" \/><img decoding=\"async\" loading=\"lazy\" class=\"alignnone wp-image-1383 aligncenter\" src=\"https:\/\/iesgualeguay-ers.infd.edu.ar\/sitio\/wp-content\/uploads\/2020\/05\/pataforma-virtual-4-1000x750.jpg\" alt=\"\" width=\"485\" height=\"363\" srcset=\"https:\/\/iesgualeguay-ers.infd.edu.ar\/sitio\/wp-content\/uploads\/2020\/05\/pataforma-virtual-4-1000x750.jpg 1000w, https:\/\/iesgualeguay-ers.infd.edu.ar\/sitio\/wp-content\/uploads\/2020\/05\/pataforma-virtual-4-768x576.jpg 768w, https:\/\/iesgualeguay-ers.infd.edu.ar\/sitio\/wp-content\/uploads\/2020\/05\/pataforma-virtual-4-1900x1425.jpg 1900w\" sizes=\"(max-width: 485px) 100vw, 485px\" \/><img decoding=\"async\" loading=\"lazy\" class=\"alignnone wp-image-1382 aligncenter\" src=\"https:\/\/iesgualeguay-ers.infd.edu.ar\/sitio\/wp-content\/uploads\/2020\/05\/pataforma-virtual-5-1000x750.jpg\" alt=\"\" width=\"485\" height=\"365\" srcset=\"https:\/\/iesgualeguay-ers.infd.edu.ar\/sitio\/wp-content\/uploads\/2020\/05\/pataforma-virtual-5-1000x750.jpg 1000w, https:\/\/iesgualeguay-ers.infd.edu.ar\/sitio\/wp-content\/uploads\/2020\/05\/pataforma-virtual-5-768x576.jpg 768w, https:\/\/iesgualeguay-ers.infd.edu.ar\/sitio\/wp-content\/uploads\/2020\/05\/pataforma-virtual-5-1900x1425.jpg 1900w\" sizes=\"(max-width: 485px) 100vw, 485px\" \/><img decoding=\"async\" loading=\"lazy\" class=\"alignnone wp-image-1381 aligncenter\" src=\"https:\/\/iesgualeguay-ers.infd.edu.ar\/sitio\/wp-content\/uploads\/2020\/05\/pataforma-virtual-6-1000x750.jpg\" alt=\"\" width=\"484\" height=\"363\" srcset=\"https:\/\/iesgualeguay-ers.infd.edu.ar\/sitio\/wp-content\/uploads\/2020\/05\/pataforma-virtual-6-1000x750.jpg 1000w, https:\/\/iesgualeguay-ers.infd.edu.ar\/sitio\/wp-content\/uploads\/2020\/05\/pataforma-virtual-6-768x576.jpg 768w, https:\/\/iesgualeguay-ers.infd.edu.ar\/sitio\/wp-content\/uploads\/2020\/05\/pataforma-virtual-6-1900x1425.jpg 1900w\" sizes=\"(max-width: 484px) 100vw, 484px\" \/><\/p>\n","protected":false},"excerpt":{"rendered":"<p>Promoci\u00f3n de nuestros profesorados Profesorado de Educaci\u00f3n Secundaria en Geograf\u00eda Producci\u00f3n: Bernardini M\u00f3nica. Edici\u00f3n de sonido: Bellini Oscar Profesorado de Educaci\u00f3n Secundaria en Historia Producci\u00f3n: Vega Sergio. Edici\u00f3n de sonido: Bellini Oscar Profesorado de Educaci\u00f3n Secundaria en F\u00edsica Producci\u00f3n: Luiselli Noelia. Edici\u00f3n de sonido: Bellini Oscar Charla Virtual \u00bb El desaf\u00edo de pensar y planificar &#8230; <a title=\"Actividades 2020\" class=\"read-more\" href=\"https:\/\/iesgualeguay-ers.infd.edu.ar\/sitio\/actividades-2020\/\" aria-label=\"More on Actividades 2020\">[+]<\/a><\/p>\n","protected":false},"author":217,"featured_media":0,"parent":0,"menu_order":0,"comment_status":"closed","ping_status":"closed","template":"","meta":[],"acf":[],"_links":{"self":[{"href":"https:\/\/iesgualeguay-ers.infd.edu.ar\/sitio\/wp-json\/wp\/v2\/pages\/1366"}],"collection":[{"href":"https:\/\/iesgualeguay-ers.infd.edu.ar\/sitio\/wp-json\/wp\/v2\/pages"}],"about":[{"href":"https:\/\/iesgualeguay-ers.infd.edu.ar\/sitio\/wp-json\/wp\/v2\/types\/page"}],"author":[{"embeddable":true,"href":"https:\/\/iesgualeguay-ers.infd.edu.ar\/sitio\/wp-json\/wp\/v2\/users\/217"}],"replies":[{"embeddable":true,"href":"https:\/\/iesgualeguay-ers.infd.edu.ar\/sitio\/wp-json\/wp\/v2\/comments?post=1366"}],"version-history":[{"count":10,"href":"https:\/\/iesgualeguay-ers.infd.edu.ar\/sitio\/wp-json\/wp\/v2\/pages\/1366\/revisions"}],"predecessor-version":[{"id":1403,"href":"https:\/\/iesgualeguay-ers.infd.edu.ar\/sitio\/wp-json\/wp\/v2\/pages\/1366\/revisions\/1403"}],"wp:attachment":[{"href":"https:\/\/iesgualeguay-ers.infd.edu.ar\/sitio\/wp-json\/wp\/v2\/media?parent=1366"}],"curies":[{"name":"wp","href":"https:\/\/api.w.org\/{rel}","templated":true}]}}