{"id":1858,"date":"2024-09-27T19:26:33","date_gmt":"2024-09-27T22:26:33","guid":{"rendered":"https:\/\/iesgualeguay-ers.infd.edu.ar\/sitio\/?page_id=1858"},"modified":"2024-10-24T18:12:11","modified_gmt":"2024-10-24T21:12:11","slug":"actividades-2024","status":"publish","type":"page","link":"https:\/\/iesgualeguay-ers.infd.edu.ar\/sitio\/actividades-2024\/","title":{"rendered":"Actividades 2024"},"content":{"rendered":"\n<p class=\"has-text-align-center has-text-color has-medium-font-size\" style=\"color:#f70505\"><strong>EL IES \u00abDR. LUIS F. LELOIR\u00bb EN LA FERIA DE LAS CARRERAS 2024<\/strong><\/p>\n\n\n\n<p class=\"has-text-align-left has-contrast-color has-text-color\">El martes 22 de octubre se realiz\u00f3 una nueva edici\u00f3n de la Feria de las Carreras organizada por la Municipalidad de Gualeguay y destinada a estudiantes del \u00faltimo a\u00f1o del Nivel Secundario.<br>Este encuentro se realiz\u00f3 de 10 a 18hs en el Auditorio Municipal \u201cMario Alarc\u00f3n Mu\u00f1iz\u201d ubicado en Segundo Gianello 132. Nuestro IES \u201cDr. Luis F. Leloir\u201d, como todos los a\u00f1os, estuvo presente una vez m\u00e1s promocionando las carreras de formaci\u00f3n docente con las que cuenta el instituto. <br>En este evento tambi\u00e9n participan instituciones educativas de nivel superior y universitario de la localidad y de otras ciudades de la provincia.<\/p>\n\n\n<div class=\"wp-block-image\">\n<figure class=\"aligncenter size-large is-resized\"><img decoding=\"async\" loading=\"lazy\" src=\"https:\/\/iesgualeguay-ers.infd.edu.ar\/sitio\/wp-content\/uploads\/2024\/10\/InShot_20241022_181520134-1900x1900.jpg\" alt=\"\" class=\"wp-image-1910\" width=\"462\" height=\"462\" srcset=\"https:\/\/iesgualeguay-ers.infd.edu.ar\/sitio\/wp-content\/uploads\/2024\/10\/InShot_20241022_181520134-1900x1900.jpg 1900w, https:\/\/iesgualeguay-ers.infd.edu.ar\/sitio\/wp-content\/uploads\/2024\/10\/InShot_20241022_181520134-1000x1000.jpg 1000w, https:\/\/iesgualeguay-ers.infd.edu.ar\/sitio\/wp-content\/uploads\/2024\/10\/InShot_20241022_181520134-500x500.jpg 500w, https:\/\/iesgualeguay-ers.infd.edu.ar\/sitio\/wp-content\/uploads\/2024\/10\/InShot_20241022_181520134-768x768.jpg 768w, https:\/\/iesgualeguay-ers.infd.edu.ar\/sitio\/wp-content\/uploads\/2024\/10\/InShot_20241022_181520134-1536x1536.jpg 1536w, https:\/\/iesgualeguay-ers.infd.edu.ar\/sitio\/wp-content\/uploads\/2024\/10\/InShot_20241022_181520134.jpg 1920w\" sizes=\"(max-width: 462px) 100vw, 462px\" \/><\/figure><\/div>\n\n\n<figure class=\"wp-block-image size-full\"><img decoding=\"async\" loading=\"lazy\" width=\"1000\" height=\"57\" src=\"https:\/\/iesgualeguay-ers.infd.edu.ar\/sitio\/wp-content\/uploads\/2024\/09\/pngwing.com_-1.png\" alt=\"\" class=\"wp-image-1870\" srcset=\"https:\/\/iesgualeguay-ers.infd.edu.ar\/sitio\/wp-content\/uploads\/2024\/09\/pngwing.com_-1.png 1000w, https:\/\/iesgualeguay-ers.infd.edu.ar\/sitio\/wp-content\/uploads\/2024\/09\/pngwing.com_-1-768x44.png 768w\" sizes=\"(max-width: 1000px) 100vw, 1000px\" \/><\/figure>\n\n\n\n<p class=\"has-text-align-center has-text-color has-medium-font-size\" style=\"color:#f1ab15\"><strong>Charla \u201cImportancia de la Actividad F\u00edsica como Herramienta de Salud\u201d<\/strong><\/p>\n\n\n\n<p>El d\u00eda viernes 17 de octubre a las 21hs, tuvo lugar la charla del M\u00e9dico Deport\u00f3logo Nicol\u00e1s Hollmann destinada a estudiantes de 2\u00b0 a 4\u00b0 a\u00f1o del Profesorado de Educaci\u00f3n Secundaria en Biolog\u00eda. y organizada por la Profesora Silvina Guzzonatto desde la unidad curricular Salud y Ambiente.<br>El Dr. Nicol\u00e1s Hollmann es m\u00e9dico generalista especialista en medicina del deporte y encargado del plan de cesaci\u00f3n tab\u00e1quica en CENDIC. Adem\u00e1s de ello es amante del deporte y TRIATLETA.<br>La docente en su informe expresa que en la actividad realizada con nuestros estudiantes, a trav\u00e9s de un power point y una din\u00e1mica de im\u00e1genes y preguntas se fueron desarrollando contenidos como sedentarismo,\u00a0 sobrepeso, obesidad, enfermedad, principales \u00f3rganos y funciones,\u00a0 beneficiados de la actividad f\u00edsica en distintas \u00e1reas. Lo m\u00e1s interesante es que retomaron conceptos desarrollados en la carrera como energ\u00eda, mitocondrias, homeostasis, m\u00fasculos, sobrealimentaci\u00f3n, estr\u00e9s, evoluci\u00f3n\u2026 as\u00ed como distintos aspectos de la anatom\u00eda y funcionamiento del cuerpo humano. Los alumnos se mostraron todo el tiempo con gran inter\u00e9s, a tal punto que a\u00fan extendidos en el horario realizaban consultas y preguntas.\u00a0<br>El doctor, con varias charlas en su carrera, supo responder con did\u00e1ctica y hacer reflexionar a los alumnos de la importancia real de mover el cuerpo, invit\u00e1ndolos a ser promotores de salud en su futura pr\u00e1ctica profesional.<\/p>\n\n\n<div class=\"wp-block-image\">\n<figure class=\"aligncenter size-large is-resized\"><img decoding=\"async\" loading=\"lazy\" src=\"https:\/\/iesgualeguay-ers.infd.edu.ar\/sitio\/wp-content\/uploads\/2024\/10\/InShot_20241022_200045105-1900x1900.jpg\" alt=\"\" class=\"wp-image-1911\" width=\"366\" height=\"366\" srcset=\"https:\/\/iesgualeguay-ers.infd.edu.ar\/sitio\/wp-content\/uploads\/2024\/10\/InShot_20241022_200045105-1900x1900.jpg 1900w, https:\/\/iesgualeguay-ers.infd.edu.ar\/sitio\/wp-content\/uploads\/2024\/10\/InShot_20241022_200045105-1000x1000.jpg 1000w, https:\/\/iesgualeguay-ers.infd.edu.ar\/sitio\/wp-content\/uploads\/2024\/10\/InShot_20241022_200045105-500x500.jpg 500w, https:\/\/iesgualeguay-ers.infd.edu.ar\/sitio\/wp-content\/uploads\/2024\/10\/InShot_20241022_200045105-768x768.jpg 768w, https:\/\/iesgualeguay-ers.infd.edu.ar\/sitio\/wp-content\/uploads\/2024\/10\/InShot_20241022_200045105-1536x1536.jpg 1536w, https:\/\/iesgualeguay-ers.infd.edu.ar\/sitio\/wp-content\/uploads\/2024\/10\/InShot_20241022_200045105.jpg 1920w\" sizes=\"(max-width: 366px) 100vw, 366px\" \/><\/figure><\/div>\n\n\n<figure class=\"wp-block-image size-full\"><img decoding=\"async\" loading=\"lazy\" width=\"1000\" height=\"57\" src=\"https:\/\/iesgualeguay-ers.infd.edu.ar\/sitio\/wp-content\/uploads\/2024\/09\/pngwing.com_-1.png\" alt=\"\" class=\"wp-image-1870\" srcset=\"https:\/\/iesgualeguay-ers.infd.edu.ar\/sitio\/wp-content\/uploads\/2024\/09\/pngwing.com_-1.png 1000w, https:\/\/iesgualeguay-ers.infd.edu.ar\/sitio\/wp-content\/uploads\/2024\/09\/pngwing.com_-1-768x44.png 768w\" sizes=\"(max-width: 1000px) 100vw, 1000px\" \/><\/figure>\n\n\n\n<p class=\"has-text-align-center has-accent-color has-text-color\"><strong>CURSO DE FORMACI\u00d3N: \u201cEvaluaci\u00f3n formativa y participativa, de los aprendizajes en el Nivel Secundario\u201d<\/strong><\/p>\n\n\n\n<p>El d\u00eda 10 de Octubre di\u00f3 inicio el curso en el marco del Proyecto de Vinculaci\u00f3n del Campo de la Pr\u00e1ctica Profesional Docente del IES \u201cDr. Luis F. Leloir\u201d, &nbsp;destinado a Docentes Co- formadores de escuelas secundarias asociadas dictado por las docentes Prof. Mar\u00eda Paula Pintos y Prof. Sof\u00eda Cerrudo.<br>El eje tem\u00e1tico es Evaluaci\u00f3n Formativa y Participativa de los aprendizajes en el Nivel Secundario, una invitaci\u00f3n a repensar y recrear las pr\u00e1cticas evaluativas.<br>El curso se desarrolla con encuentros presenciales cada 15 d\u00edas y encuentros asincr\u00f3nicos con la participaci\u00f3n en foros y actividades consignadas en la plataforma virtual institucional.<br>Participan del mismo m\u00e1s de 40 docentes que se desempe\u00f1an en el Nivel Secundario y han acompa\u00f1ado a nuestros estudiantes en sus pr\u00e1cticas docentes.<\/p>\n\n\n<div class=\"wp-block-image\">\n<figure class=\"aligncenter size-full is-resized\"><img decoding=\"async\" loading=\"lazy\" src=\"https:\/\/iesgualeguay-ers.infd.edu.ar\/sitio\/wp-content\/uploads\/2024\/10\/IMG-20241017-WA0023_1.jpg\" alt=\"\" class=\"wp-image-1901\" width=\"445\" height=\"334\" srcset=\"https:\/\/iesgualeguay-ers.infd.edu.ar\/sitio\/wp-content\/uploads\/2024\/10\/IMG-20241017-WA0023_1.jpg 1600w, https:\/\/iesgualeguay-ers.infd.edu.ar\/sitio\/wp-content\/uploads\/2024\/10\/IMG-20241017-WA0023_1-1000x750.jpg 1000w, https:\/\/iesgualeguay-ers.infd.edu.ar\/sitio\/wp-content\/uploads\/2024\/10\/IMG-20241017-WA0023_1-768x576.jpg 768w, https:\/\/iesgualeguay-ers.infd.edu.ar\/sitio\/wp-content\/uploads\/2024\/10\/IMG-20241017-WA0023_1-1536x1152.jpg 1536w\" sizes=\"(max-width: 445px) 100vw, 445px\" \/><\/figure><\/div>\n\n\n<figure class=\"wp-block-image size-full\"><img decoding=\"async\" loading=\"lazy\" width=\"1000\" height=\"57\" src=\"https:\/\/iesgualeguay-ers.infd.edu.ar\/sitio\/wp-content\/uploads\/2024\/09\/pngwing.com_-1.png\" alt=\"\" class=\"wp-image-1870\" srcset=\"https:\/\/iesgualeguay-ers.infd.edu.ar\/sitio\/wp-content\/uploads\/2024\/09\/pngwing.com_-1.png 1000w, https:\/\/iesgualeguay-ers.infd.edu.ar\/sitio\/wp-content\/uploads\/2024\/09\/pngwing.com_-1-768x44.png 768w\" sizes=\"(max-width: 1000px) 100vw, 1000px\" \/><\/figure>\n\n\n\n<p class=\"has-text-align-center has-text-color\" style=\"color:#ffa9a9\"><strong>OCTUBRE ROSA \u201cMES DE CONCIENTIZACI\u00d3N SOBRE EL C\u00c1NCER DE MAMA\u201d<\/strong><\/p>\n\n\n\n<p class=\"has-contrast-color has-text-color\">El 16 de Octubre se realiz\u00f3 en el Instituto de Ense\u00f1anza Superior \u201cDr. Luis F. Leloir\u201d una Charla en el marco de Octubre Rosa sobre la<strong>&nbsp;<em>importancia del diagn\u00f3stico precoz del c\u00e1ncer de mama.<\/em><\/strong><br>La disertante Prof. Nora P\u00e9rez, estuvo acompa\u00f1ada por la responsable del proyecto, profesora Silvina Guzzonatto y los destinatarios fueron los estudiantes de 4to a\u00f1o del Profesorado Educaci\u00f3n Secundaria en Biolog\u00eda de nuestro IDF del espacio curricular\u201c Salud y ambiente\u201d.<br>Compartimos lo expresado en el proyecto, por la Profesora Silvina Guzzonatto, en relaci\u00f3n a esta tem\u00e1tica: El c\u00e1ncer de mama es un problema importante para la salud en Argentina, ya que es la primera causa de muerte por tumores en mujeres. Anualmente, se producen 6.100 muertes por esta enfermedad y se estima que se producir\u00e1n m\u00e1s de 22000 nuevos casos por a\u00f1o, lo cual representa el 32,1% del total de incidencia de c\u00e1ncer en Argentina.<br>En el marco del mes de lucha contra el c\u00e1ncer de mama, el Instituto de Ense\u00f1anza Superior \u201cDr. Luis F. Leloir\u201d remarca la importancia de la autoexploraci\u00f3n para la detecci\u00f3n temprana de la enfermedad y los controles pertinentes.<br>Los conocimientos actuales sobre las causas del c\u00e1ncer de mama son insuficientes, por lo que&nbsp;<strong>la detecci\u00f3n precoz sigue siendo la piedra angular de la lucha contra esta enfermedad<\/strong>. Cuando se detecta precozmente, se establece un diagn\u00f3stico adecuado y se dispone de tratamiento, las posibilidades de curaci\u00f3n son elevadas.<\/p>\n\n\n<div class=\"wp-block-image\">\n<figure class=\"aligncenter size-large is-resized\"><img decoding=\"async\" loading=\"lazy\" src=\"https:\/\/iesgualeguay-ers.infd.edu.ar\/sitio\/wp-content\/uploads\/2024\/10\/InShot_20241016_215521827-1900x1900.jpg\" alt=\"\" class=\"wp-image-1900\" width=\"505\" height=\"505\" srcset=\"https:\/\/iesgualeguay-ers.infd.edu.ar\/sitio\/wp-content\/uploads\/2024\/10\/InShot_20241016_215521827-1900x1900.jpg 1900w, https:\/\/iesgualeguay-ers.infd.edu.ar\/sitio\/wp-content\/uploads\/2024\/10\/InShot_20241016_215521827-1000x1000.jpg 1000w, https:\/\/iesgualeguay-ers.infd.edu.ar\/sitio\/wp-content\/uploads\/2024\/10\/InShot_20241016_215521827-500x500.jpg 500w, https:\/\/iesgualeguay-ers.infd.edu.ar\/sitio\/wp-content\/uploads\/2024\/10\/InShot_20241016_215521827-768x768.jpg 768w, https:\/\/iesgualeguay-ers.infd.edu.ar\/sitio\/wp-content\/uploads\/2024\/10\/InShot_20241016_215521827-1536x1536.jpg 1536w, https:\/\/iesgualeguay-ers.infd.edu.ar\/sitio\/wp-content\/uploads\/2024\/10\/InShot_20241016_215521827.jpg 1920w\" sizes=\"(max-width: 505px) 100vw, 505px\" \/><\/figure><\/div>\n\n\n<figure class=\"wp-block-image size-full\"><img decoding=\"async\" loading=\"lazy\" width=\"1000\" height=\"57\" src=\"https:\/\/iesgualeguay-ers.infd.edu.ar\/sitio\/wp-content\/uploads\/2024\/09\/pngwing.com_-1.png\" alt=\"\" class=\"wp-image-1870\" srcset=\"https:\/\/iesgualeguay-ers.infd.edu.ar\/sitio\/wp-content\/uploads\/2024\/09\/pngwing.com_-1.png 1000w, https:\/\/iesgualeguay-ers.infd.edu.ar\/sitio\/wp-content\/uploads\/2024\/09\/pngwing.com_-1-768x44.png 768w\" sizes=\"(max-width: 1000px) 100vw, 1000px\" \/><\/figure>\n\n\n\n<p class=\"has-text-align-center has-text-color\" style=\"color:#12d91b\"><strong>PROYECTO: \u201cVIAJE EDUCATIVO COMO COMPLEMENTO DEL PROCESO DE FORMACI\u00d2N EN EL PROFESORADO DE BIOLOG\u00cdA\u201d<\/strong><\/p>\n\n\n\n<p>El d\u00eda viernes 11 de octubre docentes y estudiantes de 4to a\u00f1o correspondiente al&nbsp;<strong>Profesorado de Educaci\u00f3n Secundaria en Biolog\u00eda<\/strong>&nbsp;realizaron un viaje educativo a la Reserva&nbsp;<strong>\u201cEl Potrero\u201d<\/strong>&nbsp;y a la Reserva&nbsp;<strong>\u201cLas piedras\u201d<\/strong>&nbsp;de la Ciudad de Gualeguaych\u00fa, Provincia de Entre R\u00edos.<\/p>\n\n\n\n<p>Las docentes manifiestan que ambas visitas tuvieron como objetivo que los estudiantes complementen los contenidos adquiridos en las diversas unidades curriculares espec\u00edficas con la informaci\u00f3n obtenida en ambos sitios visitados.<\/p>\n\n\n\n<p>Las unidades curriculares involucradas en este proyecto son&nbsp;<strong>Salud y Ambiente<\/strong>&nbsp;en donde se retomaron conceptos en el lugar sobre ambiente natural, caracter\u00edsticas, flora y fauna t\u00edpica del lugar, especies nativas y ex\u00f3ticas. Manejo y conservaci\u00f3n de ambientes naturales. Proyectos sobre protecci\u00f3n del ambiente y gesti\u00f3n de residuos. Y&nbsp;<strong>Ecolog\u00eda<\/strong>&nbsp;en donde se trabajan contenidos tales como Sistemas ecol\u00f3gicos. Niveles de organizaci\u00f3n ecol\u00f3gicos. Preservaci\u00f3n del ambiente y la diversidad.<\/p>\n\n\n\n<p>Experiencias como estas, buscan la implementaci\u00f3n de nuevas estrategias de ense\u00f1anza y aprendizaje que los futuros docentes pueden utilizar en sus pr\u00e1cticas \u00e1ulicas como una forma de ense\u00f1ar utilizando recursos m\u00e1s desestructurados, que ponen en juego el poder analizar y relacionar contenidos abstractos con informaci\u00f3n m\u00e1s directa, desde otro contexto, que a su vez permite enriquecer y facilitar el conocimiento y la formaci\u00f3n de nuestros estudiantes en el nivel superior.<\/p>\n\n\n<div class=\"wp-block-image\">\n<figure class=\"aligncenter size-large is-resized\"><img decoding=\"async\" loading=\"lazy\" src=\"https:\/\/iesgualeguay-ers.infd.edu.ar\/sitio\/wp-content\/uploads\/2024\/10\/Historia-de-Instagram-feliz-cumpleanos-collage-de-fotos-marron-1069x1900.png\" alt=\"\" class=\"wp-image-1890\" width=\"570\" height=\"1012\" srcset=\"https:\/\/iesgualeguay-ers.infd.edu.ar\/sitio\/wp-content\/uploads\/2024\/10\/Historia-de-Instagram-feliz-cumpleanos-collage-de-fotos-marron-1069x1900.png 1069w, https:\/\/iesgualeguay-ers.infd.edu.ar\/sitio\/wp-content\/uploads\/2024\/10\/Historia-de-Instagram-feliz-cumpleanos-collage-de-fotos-marron-563x1000.png 563w, https:\/\/iesgualeguay-ers.infd.edu.ar\/sitio\/wp-content\/uploads\/2024\/10\/Historia-de-Instagram-feliz-cumpleanos-collage-de-fotos-marron-768x1365.png 768w, https:\/\/iesgualeguay-ers.infd.edu.ar\/sitio\/wp-content\/uploads\/2024\/10\/Historia-de-Instagram-feliz-cumpleanos-collage-de-fotos-marron-864x1536.png 864w, https:\/\/iesgualeguay-ers.infd.edu.ar\/sitio\/wp-content\/uploads\/2024\/10\/Historia-de-Instagram-feliz-cumpleanos-collage-de-fotos-marron.png 1080w\" sizes=\"(max-width: 570px) 100vw, 570px\" \/><\/figure><\/div>\n\n\n<figure class=\"wp-block-image size-full\"><img decoding=\"async\" loading=\"lazy\" width=\"1000\" height=\"57\" src=\"https:\/\/iesgualeguay-ers.infd.edu.ar\/sitio\/wp-content\/uploads\/2024\/09\/pngwing.com_-1.png\" alt=\"\" class=\"wp-image-1870\" srcset=\"https:\/\/iesgualeguay-ers.infd.edu.ar\/sitio\/wp-content\/uploads\/2024\/09\/pngwing.com_-1.png 1000w, https:\/\/iesgualeguay-ers.infd.edu.ar\/sitio\/wp-content\/uploads\/2024\/09\/pngwing.com_-1-768x44.png 768w\" sizes=\"(max-width: 1000px) 100vw, 1000px\" \/><\/figure>\n\n\n\n<p class=\"has-text-align-center has-text-color\" style=\"color:#c609c3\"><strong>Participaci\u00f3n en la&nbsp; IV Olimpiada de Historia y II Olimpiada de Geograf\u00eda del Nivel Superior<\/strong><\/p>\n\n\n\n<p class=\"has-contrast-color has-text-color\">El d\u00eda 10 de octubre de 2024, se realiz\u00f3 una nueva edici\u00f3n de la <strong>Olimp\u00edada de Historia y Geograf\u00eda en el ISFD \u201cDr. Miguel Puiggari\u201d<\/strong> en el cual participaron estudiantes de nuestros Profesorados de Educaci\u00f3n Secundaria en Historia y Geograf\u00eda.&nbsp; Estas actividades implican intercambios educativos valiosos que enriquecen la formaci\u00f3n integral de los futuros docentes. El tema para este certamen&nbsp; fue&nbsp;<em>\u201cLa Argentina olig\u00e1rquica (1880-1916) en clave interdisciplinaria\u201d.<\/em><br>Previo al viaje y participaci\u00f3n en la competencia, los estudiantes se preparan con bibliograf\u00eda que se propone desde la organizaci\u00f3n con el acompa\u00f1amiento y asesoramiento de los docentes. En este Certamen Provincial los docentes adem\u00e1s de asistir como \u201c<em>asesores<\/em>\u201d de los estudiantes, participan de disertaciones y tambi\u00e9n un docente de cada profesorado participa como \u201c<em>evaluador<\/em>\u201d del certamen.<br>Para este a\u00f1o, tambi\u00e9n se propuso que por instituto, en equipo de estudiantes y asesores, piensen y creen&nbsp;<em>recursos did\u00e1cticos innovadores<\/em>&nbsp;para la ense\u00f1anza de la Historia y\/o la Geograf\u00eda desde una perspectiva interdisciplinaria. Adem\u00e1s del dise\u00f1o se debe documentar el proceso de construcci\u00f3n y luego elaborar un video con el informe, el cual se comparte una vez finalizada la evaluaci\u00f3n escrita. &nbsp;La tem\u00e1tica fue de libre elecci\u00f3n, lo que brind\u00f3 una gran oportunidad para la creatividad y la investigaci\u00f3n. El IES \u201cDr. Luis F. Leloir\u201d realiz\u00f3 la propuesta de&nbsp;<em>dise\u00f1o de mapas t\u00e1ctiles para personas con discapacidad visual<\/em>&nbsp;con la finalidad de facilitar el acceso al conocimiento hist\u00f3rico y geogr\u00e1fico.<br>De 200 participantes de la Provincia de Entre R\u00edos, se seleccionaron los 30 ganadores y dentro de ese grupo se encuentran los siguientes estudiantes de nuestro Instituto:<\/p>\n\n\n\n<p class=\"has-text-align-center has-contrast-color has-text-color\"><strong>Puesto N\u00b02&nbsp;Tom\u00e1s Inchausti del Profesorado de Geograf\u00eda<br>Puesto N\u00b03 Milagros Olivera del Profesorado de&nbsp;Geograf\u00eda<br>Puesto N\u00b06 Jesica Ben\u00edtez del Profesorado de&nbsp;Geograf\u00eda<br>Puesto N\u00b07&nbsp;Solange Lencina Profesorado de&nbsp;Historia<br>Puesto N\u00b08 Juan Ignacio Ferreyra Profesorado de&nbsp;Historia<br>Puesto N\u00b011 Camila Casadey Profesorado de&nbsp;Geograf\u00eda<br>Puesto N\u00b025&nbsp;Milagros Dotta Profesorado de&nbsp;Historia<br>Puesto N\u00b027&nbsp;Nahuel Navoni Profesorado de&nbsp;Geograf\u00eda<\/strong><\/p>\n\n\n<div class=\"wp-block-image\">\n<figure class=\"aligncenter size-large is-resized\"><img decoding=\"async\" loading=\"lazy\" src=\"https:\/\/iesgualeguay-ers.infd.edu.ar\/sitio\/wp-content\/uploads\/2024\/10\/InShot_20241010_201530492-1900x1900.jpg\" alt=\"\" class=\"wp-image-1892\" width=\"570\" height=\"570\" srcset=\"https:\/\/iesgualeguay-ers.infd.edu.ar\/sitio\/wp-content\/uploads\/2024\/10\/InShot_20241010_201530492-1900x1900.jpg 1900w, https:\/\/iesgualeguay-ers.infd.edu.ar\/sitio\/wp-content\/uploads\/2024\/10\/InShot_20241010_201530492-1000x1000.jpg 1000w, https:\/\/iesgualeguay-ers.infd.edu.ar\/sitio\/wp-content\/uploads\/2024\/10\/InShot_20241010_201530492-500x500.jpg 500w, https:\/\/iesgualeguay-ers.infd.edu.ar\/sitio\/wp-content\/uploads\/2024\/10\/InShot_20241010_201530492-768x768.jpg 768w, https:\/\/iesgualeguay-ers.infd.edu.ar\/sitio\/wp-content\/uploads\/2024\/10\/InShot_20241010_201530492-1536x1536.jpg 1536w, https:\/\/iesgualeguay-ers.infd.edu.ar\/sitio\/wp-content\/uploads\/2024\/10\/InShot_20241010_201530492.jpg 1920w\" sizes=\"(max-width: 570px) 100vw, 570px\" \/><\/figure><\/div>\n\n\n<figure class=\"wp-block-image size-full\"><img decoding=\"async\" loading=\"lazy\" width=\"1000\" height=\"57\" src=\"https:\/\/iesgualeguay-ers.infd.edu.ar\/sitio\/wp-content\/uploads\/2024\/09\/pngwing.com_-1.png\" alt=\"\" class=\"wp-image-1870\" srcset=\"https:\/\/iesgualeguay-ers.infd.edu.ar\/sitio\/wp-content\/uploads\/2024\/09\/pngwing.com_-1.png 1000w, https:\/\/iesgualeguay-ers.infd.edu.ar\/sitio\/wp-content\/uploads\/2024\/09\/pngwing.com_-1-768x44.png 768w\" sizes=\"(max-width: 1000px) 100vw, 1000px\" \/><\/figure>\n\n\n\n<p class=\"has-text-align-center has-text-color has-medium-font-size\" style=\"color:#c50909\"><strong>Estudiantes y profesores de los Profesorados de Qu\u00edmica y F\u00edsica participaron de la Semana de la Qu\u00edmica en la Universidad de Buenos Aires. Visitaron tambi\u00e9n el Planetario. <\/strong><\/p>\n\n\n\n<figure class=\"wp-block-gallery has-nested-images columns-default is-cropped wp-block-gallery-1 is-layout-flex\">\n<figure class=\"wp-block-image size-large\"><img decoding=\"async\" loading=\"lazy\" width=\"1600\" height=\"1600\" data-id=\"1863\"  src=\"https:\/\/iesgualeguay-ers.infd.edu.ar\/sitio\/wp-content\/uploads\/2024\/09\/WhatsApp-Image-2024-09-27-at-18.42.44.jpeg\" alt=\"\" class=\"wp-image-1863\" srcset=\"https:\/\/iesgualeguay-ers.infd.edu.ar\/sitio\/wp-content\/uploads\/2024\/09\/WhatsApp-Image-2024-09-27-at-18.42.44.jpeg 1600w, https:\/\/iesgualeguay-ers.infd.edu.ar\/sitio\/wp-content\/uploads\/2024\/09\/WhatsApp-Image-2024-09-27-at-18.42.44-1000x1000.jpeg 1000w, https:\/\/iesgualeguay-ers.infd.edu.ar\/sitio\/wp-content\/uploads\/2024\/09\/WhatsApp-Image-2024-09-27-at-18.42.44-500x500.jpeg 500w, https:\/\/iesgualeguay-ers.infd.edu.ar\/sitio\/wp-content\/uploads\/2024\/09\/WhatsApp-Image-2024-09-27-at-18.42.44-768x768.jpeg 768w, https:\/\/iesgualeguay-ers.infd.edu.ar\/sitio\/wp-content\/uploads\/2024\/09\/WhatsApp-Image-2024-09-27-at-18.42.44-1536x1536.jpeg 1536w\" sizes=\"(max-width: 1600px) 100vw, 1600px\" \/><\/figure>\n\n\n\n<figure class=\"wp-block-image size-large\"><img decoding=\"async\" loading=\"lazy\" width=\"1600\" height=\"1600\" data-id=\"1862\"  src=\"https:\/\/iesgualeguay-ers.infd.edu.ar\/sitio\/wp-content\/uploads\/2024\/09\/WhatsApp-Image-2024-09-27-at-18.47.41.jpeg\" alt=\"\" class=\"wp-image-1862\" srcset=\"https:\/\/iesgualeguay-ers.infd.edu.ar\/sitio\/wp-content\/uploads\/2024\/09\/WhatsApp-Image-2024-09-27-at-18.47.41.jpeg 1600w, https:\/\/iesgualeguay-ers.infd.edu.ar\/sitio\/wp-content\/uploads\/2024\/09\/WhatsApp-Image-2024-09-27-at-18.47.41-1000x1000.jpeg 1000w, https:\/\/iesgualeguay-ers.infd.edu.ar\/sitio\/wp-content\/uploads\/2024\/09\/WhatsApp-Image-2024-09-27-at-18.47.41-500x500.jpeg 500w, https:\/\/iesgualeguay-ers.infd.edu.ar\/sitio\/wp-content\/uploads\/2024\/09\/WhatsApp-Image-2024-09-27-at-18.47.41-768x768.jpeg 768w, https:\/\/iesgualeguay-ers.infd.edu.ar\/sitio\/wp-content\/uploads\/2024\/09\/WhatsApp-Image-2024-09-27-at-18.47.41-1536x1536.jpeg 1536w\" sizes=\"(max-width: 1600px) 100vw, 1600px\" \/><\/figure>\n<\/figure>\n\n\n\n<figure class=\"wp-block-image size-full\"><img decoding=\"async\" loading=\"lazy\" width=\"1000\" height=\"57\" src=\"https:\/\/iesgualeguay-ers.infd.edu.ar\/sitio\/wp-content\/uploads\/2024\/09\/pngwing.com_-1.png\" alt=\"\" class=\"wp-image-1870\" srcset=\"https:\/\/iesgualeguay-ers.infd.edu.ar\/sitio\/wp-content\/uploads\/2024\/09\/pngwing.com_-1.png 1000w, https:\/\/iesgualeguay-ers.infd.edu.ar\/sitio\/wp-content\/uploads\/2024\/09\/pngwing.com_-1-768x44.png 768w\" sizes=\"(max-width: 1000px) 100vw, 1000px\" \/><\/figure>\n\n\n\n<h1 class=\"wp-block-heading has-text-align-center has-text-color has-medium-font-size\" style=\"color:#bd0ff0\">21 DE SEPTIEMBRE \u201cD\u00cdA DEL ESTUDIANTE\u201d<\/h1>\n\n\n\n<h1 class=\"wp-block-heading has-text-align-left has-contrast-color has-text-color has-medium-font-size\"><br>El d\u00eda lunes 23 de septiembre en las \u00faltimas horas de la jornada escolar se realizaron las actividades por el d\u00eda del estudiante. Las mismas fueron programadas por el Centro de Estudiantes y contaron con la colaboraci\u00f3n de las Preceptoras y tambi\u00e9n de los docentes que estuvieron presentes en la misma.<\/h1>\n\n\n<div class=\"wp-block-image\">\n<figure class=\"aligncenter size-full is-resized\"><img decoding=\"async\" loading=\"lazy\" src=\"https:\/\/iesgualeguay-ers.infd.edu.ar\/sitio\/wp-content\/uploads\/2024\/09\/WhatsApp-Image-2024-09-24-at-19.32.47.jpeg\" alt=\"\" class=\"wp-image-1868\" width=\"556\" height=\"556\" srcset=\"https:\/\/iesgualeguay-ers.infd.edu.ar\/sitio\/wp-content\/uploads\/2024\/09\/WhatsApp-Image-2024-09-24-at-19.32.47.jpeg 1599w, https:\/\/iesgualeguay-ers.infd.edu.ar\/sitio\/wp-content\/uploads\/2024\/09\/WhatsApp-Image-2024-09-24-at-19.32.47-1000x1000.jpeg 1000w, https:\/\/iesgualeguay-ers.infd.edu.ar\/sitio\/wp-content\/uploads\/2024\/09\/WhatsApp-Image-2024-09-24-at-19.32.47-500x500.jpeg 500w, https:\/\/iesgualeguay-ers.infd.edu.ar\/sitio\/wp-content\/uploads\/2024\/09\/WhatsApp-Image-2024-09-24-at-19.32.47-768x768.jpeg 768w, https:\/\/iesgualeguay-ers.infd.edu.ar\/sitio\/wp-content\/uploads\/2024\/09\/WhatsApp-Image-2024-09-24-at-19.32.47-1536x1536.jpeg 1536w\" sizes=\"(max-width: 556px) 100vw, 556px\" \/><\/figure><\/div>","protected":false},"excerpt":{"rendered":"<p>EL IES \u00abDR. LUIS F. LELOIR\u00bb EN LA FERIA DE LAS CARRERAS 2024 El martes 22 de octubre se realiz\u00f3 una nueva edici\u00f3n de la Feria de las Carreras organizada por la Municipalidad de Gualeguay y destinada a estudiantes del \u00faltimo a\u00f1o del Nivel Secundario.Este encuentro se realiz\u00f3 de 10 a 18hs en el Auditorio &#8230; <a title=\"Actividades 2024\" class=\"read-more\" href=\"https:\/\/iesgualeguay-ers.infd.edu.ar\/sitio\/actividades-2024\/\" aria-label=\"More on Actividades 2024\">[+]<\/a><\/p>\n","protected":false},"author":217,"featured_media":0,"parent":0,"menu_order":0,"comment_status":"closed","ping_status":"closed","template":"","meta":[],"acf":[],"_links":{"self":[{"href":"https:\/\/iesgualeguay-ers.infd.edu.ar\/sitio\/wp-json\/wp\/v2\/pages\/1858"}],"collection":[{"href":"https:\/\/iesgualeguay-ers.infd.edu.ar\/sitio\/wp-json\/wp\/v2\/pages"}],"about":[{"href":"https:\/\/iesgualeguay-ers.infd.edu.ar\/sitio\/wp-json\/wp\/v2\/types\/page"}],"author":[{"embeddable":true,"href":"https:\/\/iesgualeguay-ers.infd.edu.ar\/sitio\/wp-json\/wp\/v2\/users\/217"}],"replies":[{"embeddable":true,"href":"https:\/\/iesgualeguay-ers.infd.edu.ar\/sitio\/wp-json\/wp\/v2\/comments?post=1858"}],"version-history":[{"count":14,"href":"https:\/\/iesgualeguay-ers.infd.edu.ar\/sitio\/wp-json\/wp\/v2\/pages\/1858\/revisions"}],"predecessor-version":[{"id":1912,"href":"https:\/\/iesgualeguay-ers.infd.edu.ar\/sitio\/wp-json\/wp\/v2\/pages\/1858\/revisions\/1912"}],"wp:attachment":[{"href":"https:\/\/iesgualeguay-ers.infd.edu.ar\/sitio\/wp-json\/wp\/v2\/media?parent=1858"}],"curies":[{"name":"wp","href":"https:\/\/api.w.org\/{rel}","templated":true}]}}